 + 60. What is the hundreds digit of c(6)?
2
Let l(n) = -230*n + 1. Let g(x) = -14*x + 54. Let b be g(4). What is the units digit of l(b)?
1
Let z be (8364/153)/(1/21). Suppose -5*w + 1935 = -f, -6*w + z = -3*w + 2*f. What is the tens digit of w?
8
Let h = 19 - 17. Suppose q + h = 25. Let v = q - -93. What is the tens digit of v?
1
Let a(c) be the third derivative of 0*c - 1/40*c**6 - 1/12*c**4 + 1/60*c**5 + 2/3*c**3 - 10*c**2 + 0. What is the hundreds digit of a(-4)?
2
Suppose -5*i + 240 = -25*i. Let q = i - -235. What is the tens digit of q?
2
Suppose 0 = 5*q - 0*q - 4*l - 57, l = 4*q - 50. Suppose -q = 2*a - 23. Suppose a*m - 140 = 25. What is the units digit of m?
3
Suppose 0 = -2*q + j - 18, q - 2*j - 45 = 6*q. Suppose -25*m + 9*m = -576. Let d = q + m. What is the tens digit of d?
2
What is the units digit of 21989 - (-25 + (13 - -6))?
5
Suppose -4*v + 50363 = -3*w, -123*v + 127*v - 5*w - 50357 = 0. What is the units digit of v?
3
Let v(c) = c**3 + 10*c**2 - 7*c - 4. Let l be v(-11). Let u be 21960/(-405) - (-2)/(-18)*-2. Let s = l - u. What is the units digit of s?
6
Let w be 3*(5 - (-4)/(-1)). Suppose 0 = -2*n - q + 8 - 2, -w*q = -n + 10. Suppose 0 = -4*x + 5*z + 167, 0 = 5*z - z - n. What is the units digit of x?
3
Suppose -m + 3*q + 443 + 1732 = 0, -2*m - q + 4350 = 0. What is the tens digit of m?
7
Let a(m) = 62*m + 258 - 129 - 129. What is the units digit of a(1)?
2
Let k = 12 - 10. Let j be (-4)/(15/10 - k). Suppose 0*b = -j*b + 160. What is the units digit of b?
0
Let b = 13 + -10. Suppose -2*w = -b*w. What is the hundreds digit of w - ((-1 - 108) + 3)?
1
Let c be (-1)/4 + 381/4 + -3. Suppose -c*l - 20 = -97*l. Suppose -t - t + 820 = l*s, 5*s - 2*t = 1025. What is the hundreds digit of s?
2
Let c(v) = v**3 - 17*v**2 - 39*v - 4. Let q be c(19). Let t = 23 + q. Suppose -g + 232 = 3*g + k, t = 4*g + 5*k - 248. What is the tens digit of g?
5
Let m = 9 - 6. Suppose 5*x + 278 = 3*r, -5*x = 4*r - 7*x - 366. What is the tens digit of ((-6)/(-4) + -1)*(r + m)?
4
Let z = 19427 - 3810. What is the thousands digit of z?
5
Let a(l) = -3*l**2 - 11*l - 44. Let x be a(-11). Let o = 560 + x. What is the hundreds digit of o?
2
Suppose -96834 + 29211 = -5*s - 2*n, -4*n + 67631 = 5*s. What is the tens digit of s?
2
Let h = -33961 - -98155. What is the hundreds digit of h?
1
Let v = 397 - 399. Let t(j) = 151*j**2 - 13*j - 6. What is the units digit of t(v)?
4
What is the ten thousands digit of -11 + 69382 + 8*(-39)/(-26)?
6
Let n(c) = c**2 + 26*c + 113. Let o be n(-15). Suppose 3*i = 5*p + 145, 0 = -4*i - 0*i - 3*p + 232. Let q = i - o. What is the tens digit of q?
0
Let k(w) = -w**3 - 35*w**2 - 67*w - 32. Let y be k(-33). What is the units digit of (-5960)/(-10) + -7 + y + 2?
2
Let z be ((-3)/(-2))/(12*8/141888). Suppose 2*m - 6*m = 2*i - 1502, 3*i - z = 3*m. What is the hundreds digit of i?
7
Suppose -6*l + 5*l = -2. Suppose -7*h = -l*h - 1170. Suppose m = -2*d + 38, -d - 68 + h = 4*m. What is the units digit of m?
2
Let o(t) = -33*t - 5. Let b(c) = 68*c + 11. Let a(i) = 6*b(i) + 10*o(i). What is the tens digit of a(10)?
9
Suppose 377*b + 366477 = 4039435 + 1510415. What is the hundreds digit of b?
7
Let b be -2 - (-3)/1 - 4. What is the hundreds digit of 751 - (-3 + -6)/b?
7
What is the hundreds digit of (-201)/9*(-766)/(9 + (-75)/9)?
6
Let l = 70 - 69. Let j be (12 + 114)*(l - 5/3). Let y = 135 + j. What is the units digit of y?
1
Let j(a) = -9*a**2 - 2*a + 6. Let w be j(-5). Let k be w/(-44) + (-1)/(-4). Suppose 3*p + k*c = 197 - 46, 2*c = 2*p - 106. What is the units digit of p?
2
Let u(k) = -4*k + 32. Let r be u(8). Suppose 278 = 2*n + 7*g - 3*g, r = 4*n - 3*g - 556. What is the units digit of n?
9
Let v(a) = -a**2 - 976 + 10*a + 976 + a. What is the tens digit of v(4)?
2
Let i(z) = -1989*z + 239. Let y be i(-11). Suppose -19*f - 7279 = -y. What is the hundreds digit of f?
7
Let z be ((-12)/(-8))/(-2 - (-29)/14). Let w be (-4419)/(-63) - 3/z. Suppose -338 = -2*m + w. What is the tens digit of m?
0
Suppose -412*c + 4*a = -413*c + 12791, -3*c + 38351 = a. What is the ten thousands digit of c?
1
Let t(f) = -52*f - 89. Let s be t(-13). Suppose 2*x = -n + s, 2*n + 0*n - 880 = -3*x. What is the units digit of x?
4
Suppose -6*v = -1 - 11. Let f be (v/(-4))/(3/(-84)). Suppose 0 = 16*p - f*p - 244. What is the tens digit of p?
2
Let j(l) = 102*l**2 + 188*l. What is the thousands digit of j(11)?
4
Suppose 0 = f - 3*c - 4, -4*c - 3 = -15. Suppose -f*s + 867 = 3*a - 16*s, 0 = -3*s + 3. What is the hundreds digit of a?
2
Let s(z) be the first derivative of 14*z**3/3 - 7*z**2 + 8*z - 14. What is the tens digit of s(7)?
9
Suppose 2378838 = 300*i - 91*i. What is the units digit of i?
2
Let i = -3397 + 5825. Let j = i + -1415. What is the thousands digit of j?
1
Let p be 84/(-24)*(-32)/(-28). Let t(a) = -a**2 - 11*a + 18. What is the units digit of t(p)?
6
Suppose 0 = 284*x - 135*x - 120*x - 182323. What is the tens digit of x?
8
Suppose -1419881 - 7366657 = -299*z + 3338809. What is the units digit of z?
3
Suppose 4*f = 5*g - 3080, 2*g - 5*g = -5*f - 1835. Suppose -5*x - 620 = -5*v, -x = -5*v - 2*x + g. What is the tens digit of 3 + -1 + (v - -3)?
2
Suppose 11*h - 110013 - 49825 = 65992. What is the ten thousands digit of h?
2
Suppose -346 + 1971 = -5*c. Let o be (0 + -1)*-4*c/(-4). Suppose 0 = -3*j + o + 5. What is the tens digit of j?
1
Let x be 15/20 + (-39)/4. Suppose -15 = 3*b, -3*o + 4*b + 0*b + 53 = 0. Let p = o - x. What is the tens digit of p?
2
Let m = 2203 + -1541. What is the tens digit of -7 + 0 + m + 2?
5
Suppose -54571 = -4*h - 3*r, h + 5*r + 2498 = 16145. What is the tens digit of h?
4
Suppose -27047 = -15*i + 14893. What is the thousands digit of i?
2
Let n(j) = -j**3 + 17*j**2 - 91*j + 603. What is the units digit of n(-21)?
2
Let i be 2 - (-25)/(-20)*4. Let u be (-4 - (i - -1)) + 57. What is the units digit of u*(1 - (3 + -3))?
5
Suppose 0 = 24*m - 38 - 34. Suppose 0 = f + m*u - 223, 0 = 16*u - 15*u + 2. What is the units digit of f?
9
Suppose -f + 1202*t = 1207*t - 32185, 160809 = 5*f - 4*t. What is the tens digit of f?
6
Let n be -12*1/(-2) - (1 - -1). Suppose -2*k - 4*z + 28 = 0, -34 = -3*k - n*z - 0. Suppose 34 = -k*m + 130. What is the tens digit of m?
1
Let h(q) = 2*q**2 + q + 1. Let d be h(-2). Let z(f) = f**3 - 2*f**2 + 2*f - 7. What is the hundreds digit of z(d)?
2
Suppose m = -3*o - m + 1133, 2*m + 391 = o. What is the units digit of o?
1
Let h = 4561 - -31. What is the tens digit of h?
9
Let t(d) = 5*d + 50. Let b = -170 - -187. What is the hundreds digit of t(b)?
1
Let l = 53797 + -28642. What is the ten thousands digit of l?
2
Suppose 9*j - 45308 = -8*j + 13*j. What is the units digit of j?
7
Let a(v) = v**3 + 6*v**2 - v - 6. Let s be a(-6). Suppose s = -9*b + 2*b + 2723. What is the tens digit of b?
8
Suppose -4 = -3*v - 1, -2*l - 3*v = -25. Suppose p = -z + 1288, l*z = 16*z - 5. What is the units digit of p?
7
Let l = 7549 - -1108. What is the tens digit of l?
5
Suppose -5*h = -4 - 31. Suppose -h*q = -474 - 170. Let t = q + -89. What is the units digit of t?
3
Let b = -223 - -227. Suppose -r + 176 = w + 2, -b*w + 5*r = -678. What is the units digit of w?
2
Let n(t) = -1174*t - 1523. What is the tens digit of n(-3)?
9
Let s be 12/102 - 264/(-68). What is the hundreds digit of (18*(-1)/s)/((-12)/1808)?
6
Suppose -2*t - i + 97833 = 0, -4*t - 41*i = -46*i - 195659. What is the units digit of t?
6
Let n be 2/(-3)*(-171)/38. Let a(z) = -z**2 + 3*z - 12. Let v be a(n). What is the hundreds digit of 119*3/(-2)*8/v?
1
Let z(y) = -2*y**2 - 22*y + 5. Let w be z(-11). Suppose -5 = -5*d + w. Suppose 0 = d*k - 114 - 132. What is the tens digit of k?
2
Let a(d) = -d**3 + 17*d**2 + 4*d + 18. Let u be ((-1 - -1) + 4)*(-102)/(-51). Suppose u*c - 17 = 7*c. What is the units digit of a(c)?
6
Suppose 7*l - 6948 - 4182 = 0. Let o = l + -1023. What is the hundreds digit of o?
5
Let p(o) = 113*o - 176. Let r(y) = -339*y + 531. Let n(i) = 7*p(i) + 2*r(i). What is the hundreds digit of n(8)?
7
Suppose 5*o = -4*y + 51 - 2, 5*y = 4*o + 92. Suppose -y*c + 5*c + 8008 = 0. What is the units digit of c?
8
Let k(b) = -b + 24. Let l be k(23). What is the tens digit of (1 - l) + (2 - 822/(-6))?
3
Suppose 3*v - 22 + 4 = 0. Let w be ((-64)/20 - -4)/(v/555).